*l - 2*q = -i. Suppose -l = 2*w - 43. What is the units digit of w?
1
Suppose 10*d - 11*d = 5*a - 4170, -5*a + 16710 = 4*d. What is the tens digit of d?
8
Let g(r) = -3*r**3 - r**2 - 19*r + 1. Let k(t) = t**3 + t**2 + 9*t - 1. Let d(f) = -2*g(f) - 5*k(f). Let l = 90 + -85. What is the units digit of d(l)?
8
Let y = 53 + -50. Suppose -y*j = -5*z + 687, -z - j + 139 = -0*j. What is the tens digit of z?
3
Let j = -8 + 12. Let x be (j - 2)/(-3 - -5). What is the units digit of 2*4/1 + x?
9
Let n be -2*86*(-1)/4. Let v = 13 - n. What is the units digit of 0*1/3 - v?
0
Let r = -43 - -45. What is the tens digit of 4/(-1*(r + (-34)/16))?
3
Suppose 3*n - 9 - 219 = -5*t, 5*t = n - 96. Let k be 356/18 - (-18)/n. Suppose 5*r - 15 = k. What is the units digit of r?
7
Suppose 9*v - 935 - 1396 = 0. What is the tens digit of v?
5
Let w(k) = -k**3 - 20*k**2 + 19*k - 1. What is the tens digit of w(-22)?
4
Let j = 631 - -38. What is the tens digit of j?
6
Suppose s = -s + 46. What is the tens digit of (24 - s) + (238 - 0)?
3
What is the units digit of (6/10)/((-74)/(-2405))*2?
9
Suppose 0 = j - 4*j - 258. Let x = j - -138. What is the units digit of x?
2
What is the hundreds digit of 366 - (-11)/(22/(-8))?
3
Suppose 0 = 2*m - 2*n - 3802, 21*m = 26*m + 3*n - 9473. What is the hundreds digit of m?
8
Suppose 0 = 2*f - a + 5, -4*f - 5*a - 5 = -2*a. What is the tens digit of 20/(-30)*3/f*61?
6
Let s(d) = 2*d - 6. Let n be s(7). Let x(y) = -y**3 + 7*y**2 + 7*y + 8. Let t be x(n). Suppose t = -4*g + g + 48. What is the tens digit of g?
1
Suppose 51*l = -2*h + 56*l + 4117, -l + 10333 = 5*h. What is the hundreds digit of h?
0
Let u(t) = -3 + 2*t - 12*t**2 + 1 + 27*t**2 + 4. What is the tens digit of u(-2)?
5
Suppose 0 = 7*t - 5491 + 465. What is the tens digit of t?
1
Suppose -2*l - d + 27 = 2*d, 2*d = -5*l + 40. Let u be (-3)/5 + 36/10. Suppose -3 = -l*v + u*v. What is the units digit of v?
1
Let t(b) = 3*b**2 + 82*b + 114. What is the tens digit of t(-32)?
6
Let x be (40/(-30))/(4/18). Let u = -2 - x. What is the units digit of u/(-8)*(-90)/3?
5
Let p = -11 - -13. Let b(x) = 0*x**2 + 4*x**2 - p + 3 + x - 3*x**2. What is the units digit of b(-1)?
1
Let i be (2/(-3))/(16/(-120)). Suppose -l + i = 2. Suppose 0 = z - l*z + 80. What is the tens digit of z?
4
Suppose 34*k = -3*p + 39*k + 3387, 4*k + 1129 = p. What is the hundreds digit of p?
1
Suppose 16741 = 34*q - 14709. What is the hundreds digit of q?
9
Let f(o) = 131*o - 14. Let a be f(3). Let p = a - 261. What is the tens digit of p?
1
Let x(a) = 7*a**2 - 78*a + 78*a - a**3 - 8. Let q be x(7). Let b(y) = y**3 + 8*y**2 - y - 1. What is the units digit of b(q)?
7
Suppose 70*b - 38158 - 20152 = 0. What is the hundreds digit of b?
8
Suppose -89*q + 309723 - 81171 = 0. What is the thousands digit of q?
2
Let h be 8*-1*(-18)/8. Suppose -m = 5 - 1, 3*l + m = 140. Let t = l - h. What is the tens digit of t?
3
Let r(d) = 8*d. Let l(k) be the first derivative of 9*k**2/2 - 1. Let v(z) = 5*l(z) - 6*r(z). What is the units digit of v(-6)?
8
Suppose 8*h = -660 + 5052. Suppose -w = -10*w + h. What is the tens digit of w?
6
Let m(g) = 747*g**2 - 51*g - 159. What is the hundreds digit of m(-3)?
7
Let l(g) = 7*g**2 - 48*g + 5. What is the tens digit of l(-11)?
8
Let r(t) = -t**3 + 5*t**2 + 8*t - 9. Let d be r(6). Suppose -113 = -d*y + 100. What is the units digit of y?
1
What is the tens digit of (-3)/(-2) - 12400/(-32) - -3?
9
Suppose -2*f = -3*u + 59, -2*u + 4*f - 8 + 58 = 0. Let a = 39 - u. What is the units digit of a?
2
Let v(r) = -6*r + 12. Let d(n) = -n**2 + n - 5. Let g be (-4)/(-1 + -7)*0. Let q be d(g). What is the units digit of v(q)?
2
Let z(s) = 14*s - 49 - 10*s - s**2 - 28*s. What is the units digit of z(-20)?
1
Let q be (-45)/(-12) + (-1)/(-4). Suppose 3*p + 796 = 4*g + p, -2*g - 4*p = -408. Suppose y - 53 = -4*m, -q*y + g = 4*m - 0*m. What is the tens digit of y?
4
Let z = 7 - 4. Suppose z = -b - 4*f, 0 = -f - 3 - 0. Let g(x) = -x**3 + 9*x**2 - x + 11. What is the units digit of g(b)?
2
Let n(p) = p**2 + 14*p + 27. Let y be n(-12). Suppose y*v = -452 + 1247. Suppose 2*w + 3*w = v. What is the units digit of w?
3
Suppose 0 = 3*v - 5*k + 10, -3*k + 5 + 15 = v. What is the units digit of 3 - -2*(6 - v)?
5
Let x = -7 + 6. Let u be 3 + x - -3 - 3. Suppose 4*w - 10 = u*w. What is the units digit of w?
5
Suppose 0 = j - 4*b - 2628 + 623, 5*j + 5*b = 9950. What is the units digit of j?
3
Suppose 57*x - 61*x + 14975 = -h, 0 = 2*h - 2. What is the thousands digit of x?
3
What is the tens digit of (-8622)/(-20) + 7/(-70)?
3
Let f = -215 + 232. What is the units digit of f?
7
Let t = 8 + -13. Let z(m) be the third derivative of m**5/60 + m**4/6 + 5*m**3/6 + m**2. What is the units digit of z(t)?
0
Let i be 35/(-1*4/(-8)). Suppose i + 438 = 4*s. What is the tens digit of s?
2
Let z be ((-4)/10)/((-3)/15). Let d = -23 - -30. Suppose 0 = z*k + 10, 2*s = 2*k - d*k + 107. What is the units digit of s?
6
What is the hundreds digit of 2/2 + -17 + 14 - -365?
3
Let z be (0 - -269) + 8 + -3. Let h = -160 + z. What is the units digit of h?
4
Suppose 0 = 3*c - 12, 5*p - 218 = -c + 10431. What is the units digit of p?
9
Suppose -l = -h + 185, 3*l - 175 = 2*h - 549. Suppose 4*q - h = q - 5*j, 2*j + 94 = 2*q. What is the units digit of q?
2
Let i = -4 - -5. Let c = 3 - i. Suppose k + 45 = c*a, 4*k + 16 = -2*a + 86. What is the tens digit of a?
2
Let h(w) = 2*w**2 - 44*w - 43. Let k = 69 + -42. What is the tens digit of h(k)?
2
Suppose 7*a = 13*a + 36. What is the units digit of (-254 + a)*2/(-4)?
0
Let w = 66 - 64. Suppose 47 + 259 = w*g. What is the hundreds digit of g?
1
Let l = 5 + -3. Let p(h) be the third derivative of 5*h**4/12 - h**3 - 15*h**2. What is the units digit of p(l)?
4
Suppose -8*f + 51 = -5*f - 2*p, 2*p - 39 = -3*f. Suppose -t + 110 = -y - 2*y, 5*y = -f. What is the hundreds digit of t?
1
Suppose -3*k - 271 = 5*p, 0 = 2*k + 2*p + 3*p + 189. What is the tens digit of 1/(2 + 162/k)?
4
Let i(p) = -7*p - 57. Let n(r) = 8*r + 56. Let g(f) = -6*i(f) - 5*n(f). What is the hundreds digit of g(28)?
1
Let n be 94/(-8) + 0 + (-4)/16. What is the hundreds digit of (-3 + 0)*424/n?
1
Let o(v) = 3*v + 1. Let l be o(5). Let f be -1 + (-4)/(l/(-12)). What is the units digit of 4/f*6/3?
4
Let f = 15 + -13. Suppose -5*r = f - 12. What is the units digit of (19 - (5 - r)) + -3?
3
Let h(b) = 2*b**2 - b. Let p(f) = -3*f**2 + 3*f - 1. Let k(m) = -5*h(m) - 3*p(m). Let u be k(-4). Let o(x) = 23*x - 10. What is the tens digit of o(u)?
5
Let k(j) = j. Suppose -3*z = 8 + 4. Let n(h) = 4*h - 1. Let w(c) = z*n(c) + 12*k(c). What is the tens digit of w(-6)?
2
Let f be ((-54)/12 + 2)/(2/(-4)). Suppose 0 = -5*l - f*b + 550, -2*b = -l + 2*b + 135. What is the hundreds digit of l?
1
Let h be (-6)/8*(14 + -30). Suppose -q + 33 + h = 0. What is the units digit of q?
5
Let k(u) = -2*u**2. Let v be k(0). Let z be (-157)/(-1 + v)*1. Suppose -z + 27 = -5*x. What is the units digit of x?
6
Let i(h) = h**3 + h + 88. Let f be i(0). Let o be (-1)/((-4)/f - 0). Suppose -2*b + 21 = 3*p, -b = -3*b - 4*p + o. What is the units digit of b?
9
Let w(l) = l. Let d(v) = -5*v. Let j(q) = -d(q) - 6*w(q). What is the units digit of j(-6)?
6
Let l = 688 + -357. What is the tens digit of l?
3
What is the units digit of 3 + (-6 - -4) + 383?
4
Suppose -2*p = -6, 11*p + 2004 = 4*x + 7*p. What is the units digit of x?
4
Let x = 1041 + 196. What is the thousands digit of x?
1
Suppose -5*v = 5*f - 205, v - 3*f = -2*f + 33. Suppose -32*u = -v*u + 575. What is the hundreds digit of u?
1
Let i be 2/4 + 33/6. Suppose 26 - i = 5*g. Suppose 2*b = g*r + 24 - 4, 5*b = 3*r + 64. What is the tens digit of b?
1
Let x = 1489 + -827. What is the units digit of x?
2
Suppose -c = 4*u - 24, -3*c + 122 = 2*u - 0*u. What is the units digit of (1/(-2)*-37)/(11/c)?
4
Let a = -82 + 92. Suppose -a*o = -367 - 1003. What is the hundreds digit of o?
1
Let d be -6*(-3 + (-206)/6 - 4). Suppose -d = -3*k - 35. What is the tens digit of k?
7
Let y = 6 + -9. What is the tens digit of 146*(y/6 - -1)?
7
Let w = 1755 - 572. What is the tens digit of w?
8
Let d(k) = -k**2 + 2*k + 7. Let y be (0 + -2 - 0) + 7. Let a be d(y). Let r = a + 24. What is the units digit of r?
6
Let d(l) = l**3 - 2*l**2 + 3. Let h be d(2). Suppo